{"id":17,"date":"2021-08-05T17:03:19","date_gmt":"2021-08-05T17:03:19","guid":{"rendered":"https:\/\/kajza.si\/?page_id=17"},"modified":"2021-10-11T08:14:16","modified_gmt":"2021-10-11T08:14:16","slug":"kontakt","status":"publish","type":"page","link":"https:\/\/kajza.si\/index.php\/kontakt\/","title":{"rendered":"Kontakt"},"content":{"rendered":"\n<p>Zavod za razvoj prostorske kulture Kriterij <\/p>\n\n\n\n<p>Videm 18e, 1262 Dol pri Ljubljani<\/p>\n\n\n\n<p>Dav\u010dna \u0161tevilka: 10683402\u00a0<\/p>\n\n\n\n<p>Mati\u010dna: 8973130000<\/p>\n\n\n\n<p>Pi\u0161ite nam na: info@kajza.si<\/p>\n","protected":false},"excerpt":{"rendered":"<p>Zavod za razvoj prostorske kulture Kriterij Videm 18e, 1262 Dol pri Ljubljani Dav\u010dna \u0161tevilka: 10683402\u00a0 Mati\u010dna: 8973130000 Pi\u0161ite nam na: info@kajza.si<\/p>\n<span class=\"archive-read-more\"><a href=\"https:\/\/kajza.si\/index.php\/kontakt\/\">Preberite ve\u010d ...<\/a><\/span>","protected":false},"author":1,"featured_media":0,"parent":0,"menu_order":0,"comment_status":"closed","ping_status":"closed","template":"container.php","meta":{"advgb_blocks_editor_width":"","advgb_blocks_columns_visual_guide":"","footnotes":""},"class_list":["post-17","page","type-page","status-publish","hentry"],"yoast_head":"<!-- This site is optimized with the Yoast SEO plugin v27.6 - https:\/\/yoast.com\/product\/yoast-seo-wordpress\/ -->\n<title>Kontakt &#8226; Kaj\u017ea<\/title>\n<meta name=\"robots\" content=\"index, follow, max-snippet:-1, max-image-preview:large, max-video-preview:-1\" \/>\n<link rel=\"canonical\" href=\"https:\/\/kajza.si\/index.php\/kontakt\/\" \/>\n<meta property=\"og:locale\" content=\"en_US\" \/>\n<meta property=\"og:type\" content=\"article\" \/>\n<meta property=\"og:title\" content=\"Kontakt &#8226; Kaj\u017ea\" \/>\n<meta property=\"og:description\" content=\"Zavod za razvoj prostorske kulture Kriterij Videm 18e, 1262 Dol pri Ljubljani Dav\u010dna \u0161tevilka: 10683402\u00a0 Mati\u010dna: 8973130000 Pi\u0161ite nam na: info@kajza.si\" \/>\n<meta property=\"og:url\" content=\"https:\/\/kajza.si\/index.php\/kontakt\/\" \/>\n<meta property=\"og:site_name\" content=\"Kaj\u017ea\" \/>\n<meta property=\"article:modified_time\" content=\"2021-10-11T08:14:16+00:00\" \/>\n<meta name=\"twitter:card\" content=\"summary_large_image\" \/>\n<script type=\"application\/ld+json\" class=\"yoast-schema-graph\">{\"@context\":\"https:\\\/\\\/schema.org\",\"@graph\":[{\"@type\":\"WebPage\",\"@id\":\"https:\\\/\\\/kajza.si\\\/index.php\\\/kontakt\\\/\",\"url\":\"https:\\\/\\\/kajza.si\\\/index.php\\\/kontakt\\\/\",\"name\":\"Kontakt &#8226; Kaj\u017ea\",\"isPartOf\":{\"@id\":\"https:\\\/\\\/kajza.si\\\/#website\"},\"datePublished\":\"2021-08-05T17:03:19+00:00\",\"dateModified\":\"2021-10-11T08:14:16+00:00\",\"breadcrumb\":{\"@id\":\"https:\\\/\\\/kajza.si\\\/index.php\\\/kontakt\\\/#breadcrumb\"},\"inLanguage\":\"en-US\",\"potentialAction\":[{\"@type\":\"ReadAction\",\"target\":[\"https:\\\/\\\/kajza.si\\\/index.php\\\/kontakt\\\/\"]}]},{\"@type\":\"BreadcrumbList\",\"@id\":\"https:\\\/\\\/kajza.si\\\/index.php\\\/kontakt\\\/#breadcrumb\",\"itemListElement\":[{\"@type\":\"ListItem\",\"position\":1,\"name\":\"Home\",\"item\":\"https:\\\/\\\/kajza.si\\\/\"},{\"@type\":\"ListItem\",\"position\":2,\"name\":\"Kontakt\"}]},{\"@type\":\"WebSite\",\"@id\":\"https:\\\/\\\/kajza.si\\\/#website\",\"url\":\"https:\\\/\\\/kajza.si\\\/\",\"name\":\"Kaj\u017ea\",\"description\":\"Sti\u010di\u0161\u010de za prenovo in trajnostno bivanje\",\"potentialAction\":[{\"@type\":\"SearchAction\",\"target\":{\"@type\":\"EntryPoint\",\"urlTemplate\":\"https:\\\/\\\/kajza.si\\\/?s={search_term_string}\"},\"query-input\":{\"@type\":\"PropertyValueSpecification\",\"valueRequired\":true,\"valueName\":\"search_term_string\"}}],\"inLanguage\":\"en-US\"}]}<\/script>\n<!-- \/ Yoast SEO plugin. -->","yoast_head_json":{"title":"Kontakt &#8226; Kaj\u017ea","robots":{"index":"index","follow":"follow","max-snippet":"max-snippet:-1","max-image-preview":"max-image-preview:large","max-video-preview":"max-video-preview:-1"},"canonical":"https:\/\/kajza.si\/index.php\/kontakt\/","og_locale":"en_US","og_type":"article","og_title":"Kontakt &#8226; Kaj\u017ea","og_description":"Zavod za razvoj prostorske kulture Kriterij Videm 18e, 1262 Dol pri Ljubljani Dav\u010dna \u0161tevilka: 10683402\u00a0 Mati\u010dna: 8973130000 Pi\u0161ite nam na: info@kajza.si","og_url":"https:\/\/kajza.si\/index.php\/kontakt\/","og_site_name":"Kaj\u017ea","article_modified_time":"2021-10-11T08:14:16+00:00","twitter_card":"summary_large_image","schema":{"@context":"https:\/\/schema.org","@graph":[{"@type":"WebPage","@id":"https:\/\/kajza.si\/index.php\/kontakt\/","url":"https:\/\/kajza.si\/index.php\/kontakt\/","name":"Kontakt &#8226; Kaj\u017ea","isPartOf":{"@id":"https:\/\/kajza.si\/#website"},"datePublished":"2021-08-05T17:03:19+00:00","dateModified":"2021-10-11T08:14:16+00:00","breadcrumb":{"@id":"https:\/\/kajza.si\/index.php\/kontakt\/#breadcrumb"},"inLanguage":"en-US","potentialAction":[{"@type":"ReadAction","target":["https:\/\/kajza.si\/index.php\/kontakt\/"]}]},{"@type":"BreadcrumbList","@id":"https:\/\/kajza.si\/index.php\/kontakt\/#breadcrumb","itemListElement":[{"@type":"ListItem","position":1,"name":"Home","item":"https:\/\/kajza.si\/"},{"@type":"ListItem","position":2,"name":"Kontakt"}]},{"@type":"WebSite","@id":"https:\/\/kajza.si\/#website","url":"https:\/\/kajza.si\/","name":"Kaj\u017ea","description":"Sti\u010di\u0161\u010de za prenovo in trajnostno bivanje","potentialAction":[{"@type":"SearchAction","target":{"@type":"EntryPoint","urlTemplate":"https:\/\/kajza.si\/?s={search_term_string}"},"query-input":{"@type":"PropertyValueSpecification","valueRequired":true,"valueName":"search_term_string"}}],"inLanguage":"en-US"}]}},"coauthors":[],"author_meta":{"author_link":"https:\/\/kajza.si\/index.php\/author\/ajdaiam\/","display_name":"admin"},"relative_dates":{"created":"Posted 5 years ago","modified":"Updated 5 years ago"},"absolute_dates":{"created":"Posted on August 5, 2021","modified":"Updated on October 11, 2021"},"absolute_dates_time":{"created":"Posted on August 5, 2021 5:03 pm","modified":"Updated on October 11, 2021 8:14 am"},"featured_img_caption":"","featured_img":false,"series_order":"","_links":{"self":[{"href":"https:\/\/kajza.si\/index.php\/wp-json\/wp\/v2\/pages\/17","targetHints":{"allow":["GET"]}}],"collection":[{"href":"https:\/\/kajza.si\/index.php\/wp-json\/wp\/v2\/pages"}],"about":[{"href":"https:\/\/kajza.si\/index.php\/wp-json\/wp\/v2\/types\/page"}],"author":[{"embeddable":true,"href":"https:\/\/kajza.si\/index.php\/wp-json\/wp\/v2\/users\/1"}],"replies":[{"embeddable":true,"href":"https:\/\/kajza.si\/index.php\/wp-json\/wp\/v2\/comments?post=17"}],"version-history":[{"count":8,"href":"https:\/\/kajza.si\/index.php\/wp-json\/wp\/v2\/pages\/17\/revisions"}],"predecessor-version":[{"id":533,"href":"https:\/\/kajza.si\/index.php\/wp-json\/wp\/v2\/pages\/17\/revisions\/533"}],"wp:attachment":[{"href":"https:\/\/kajza.si\/index.php\/wp-json\/wp\/v2\/media?parent=17"}],"curies":[{"name":"wp","href":"https:\/\/api.w.org\/{rel}","templated":true}]}}